base 4) in base 16?
5f
Convert -100 (base 8) to base 15.
-44
Convert 14 (base 5) to base 6.
13
Convert -1 (base 10) to base 12.
-1
21 (base 11) to base 7
32
Convert 3 (base 5) to base 6.
3
What is -11111111 (base 2) in base 3?
-100110
Convert -1a (base 13) to base 10.
-23
What is -10b (base 12) in base 5?
-1110
What is 3 (base 15) in base 9?
3
2 (base 14) to base 16
2
What is 15 (base 6) in base 15?
b
Convert -2 (base 4) to base 13.
-2
12 (base 4) to base 8
6
10 (base 3) to base 16
3
Convert -5 (base 13) to base 11.
-5
Convert -10002 (base 4) to base 5.
-2013
What is -4 (base 12) in base 2?
-100
What is -50 (base 9) in base 5?
-140
-34 (base 10) to base 6
-54
What is -2 (base 4) in base 6?
-2
-101 (base 4) to base 7
-23
What is 7 (base 8) in base 2?
111
Convert 161 (base 10) to base 8.
241
Convert 1a (base 16) to base 12.
22
-3 (base 5) to base 11
-3
What is -29 (base 14) in base 4?
-211
What is 25 (base 14) in base 16?
21
Convert 40 (base 5) to base 12.
18
What is 11 (base 5) in base 15?
6
Convert 1b (base 16) to base 6.
43
What is 132 (base 10) in base 15?
8c
-34 (base 9) to base 14
-23
33 (base 6) to base 16
15
Convert 21 (base 3) to base 16.
7
Convert -1 (base 6) to base 12.
-1
-2 (base 11) to base 8
-2
Convert -74 (base 10) to base 6.
-202
What is 1001010 (base 2) in base 6?
202
-364 (base 8) to base 16
-f4
12 (base 3) to base 10
5
What is 12 (base 9) in base 6?
15
544 (base 6) to base 16
d0
0 (base 9) to base 6
0
-2 (base 7) to base 8
-2
-8a (base 16) to base 3
-12010
54 (base 9) to base 5
144
Convert -5 (base 15) to base 11.
-5
What is -17 (base 10) in base 12?
-15
-12 (base 5) to base 8
-7
What is -252 (base 7) in base 2?
-10000111
-7 (base 11) to base 7
-10
Convert -3 (base 8) to base 9.
-3
What is 5 (base 13) in base 3?
12
Convert 10 (base 9) to base 15.
9
Convert -412 (base 6) to base 14.
-ac
What is -98 (base 14) in base 10?
-134
Convert 0 (base 13) to base 11.
0
-6 (base 15) to base 11
-6
What is -bc (base 14) in base 8?
-246
-4 (base 14) to base 9
-4
What is -21 (base 4) in base 8?
-11
What is -4 (base 14) in base 8?
-4
What is 1521 (base 6) in base 2?
110011001
100 (base 2) to base 14
4
11 (base 13) to base 16
e
Convert -3 (base 8) to base 2.
-11
Convert 10 (base 9) to base 2.
1001
Convert 203 (base 5) to base 11.
49
What is 6 (base 11) in base 2?
110
Convert 111101 (base 2) to base 12.
51
Convert 191 (base 12) to base 13.
166
Convert -1000011 (base 2) to base 4.
-1003
4 (base 9) to base 3
11
-200 (base 5) to base 10
-50
What is 1 (base 9) in base 4?
1
What is 4 (base 16) in base 15?
4
-44 (base 7) to base 14
-24
Convert 0 (base 16) to base 10.
0
Convert -1253 (base 6) to base 16.
-141
Convert 0 (base 4) to base 16.
0
What is 1dd (base 15) in base 2?
110110001
124 (base 12) to base 3
20101
3 (base 16) to base 13
3
Convert d (base 16) to base 2.
1101
What is 131 (base 4) in base 5?
104
What is -16 (base 8) in base 16?
-e
What is -125 (base 7) in base 6?
-152
3 (base 8) to base 2
11
What is -601 (base 7) in base 16?
-127
Convert -f (base 16) to base 6.
-23
What is -15 (base 10) in base 5?
-30
What is e (base 15) in base 2?
1110
Convert 1101101 (base 2) to base 16.
6d
Convert -21 (base 3) to base 12.
-7
What is 10 (base 4) in base 13?
4
What is 231 (base 4) in base 15?
30
What is -6 (base 8) in base 7?
-6
Convert -27 (base 9) to base 4.
-121
Convert 4 (base 5) to base 14.
4
Convert 14 (base 6) to base 7.
13
What is 10011111 (base 2) in base 8?
237
0 (base 2) to base 12
0
What is 20 (base 6) in base 11?
11
What is 3 (base 5) in base 2?
11
Convert 0 (base 15) to base 8.
0
5 (base 14) to base 12
5
What is 3 (base 8) in base 12?
3
What is 2 (base 6) in base 12?
2
Convert 1 (base 12) to base 11.
1
Convert -412 (base 5) to base 15.
-72
What is -31 (base 4) in base 5?
-23
2 (base 6) to base 9
2
Convert -10010 (base 2) to base 15.
-13
What is 0 (base 2) in base 11?
0
What is 41 (base 15) in base 3?
2021
-220 (base 4) to base 3
-1111
4 (base 6) to base 7
4
What is -213 (base 4) in base 15?
-29
What is -16 (base 14) in base 15?
-15
104 (base 5) to base 6
45
What is 77 (base 12) in base 5?
331
Convert -33 (base 6) to base 7.
-30
What is 2 (base 6) in base 7?
2
Convert -130 (base 6) to base 3.
-2000
What is -1010 (base 2) in base 15?
-a
Convert 3 (base 8) to base 12.
3
1 (base 10) to base 15
1
Convert -14 (base 5) to base 13.
-9
What is -21 (base 5) in base 16?
-b
22 (base 8) to base 9
20
Convert -1110 (base 2) to base 3.
-112
Convert 40 (base 13) to base 15.
37
Convert 2 (base 13) to base 4.
2
What is -3 (base 14) in base 5?
-3
11 (base 9) to base 5
20
-2 (base 16) to base 10
-2
What is -135 (base 8) in base 13?
-72
Convert 1111110 (base 2) to base 9.
150
What is 1a6 (base 11) in base 13?
153
What is -8 (base 9) in base 10?
-8
-1101101 (base 2) to base 9
-131
-142 (base 5) to base 16
-2f
Convert 212 (base 3) to base 12.
1b
Convert 61 (base 11) to base 4.
1003
What is -95 (base 11) in base 5?
-404
Convert 6 (base 7) to base 3.
20
What is -2 (base 6) in base 2?
-10
Convert 11 (base 7) to base 14.
8
Convert -50 (base 6) to base 5.
-110
Convert 6 (base 13) to base 10.
6
Convert -11e (base 16) to base 12.
-1ba
616 (base 7) to base 2
100110011
Convert -3 (base 13) to base 2.
-11
What is a (base 16) in base 13?
a
Convert -16 (base 7) to base 3.
-111
-101 (base 7) to base 2
-110010
Convert -101 (base 5) to base 4.
-122
What is 5 (base 9) in base 7?
5
21 (base 15) to base 14
23
Convert 10 (base 2) to base 15.
2
What is -a4 (base 14) in base 10?
-144
Convert -3 (base 12) to base 4.
-3
What is -6a (base 14) in base 7?
-163
Convert 0 (base 2) to base 4.
0
Convert 7 (base 12) to base 9.
7
-655 (base 7) to base 16
-14e
Convert 9 (base 15) to base 7.
12
What is -1123 (base 4) in base 5?
-331
What is -15 (base 10) in base 6?
-23
What is -6 (base 13) in base 2?
-110
Convert -1 (base 16) to base 13.
-1
-12 (base 4) to base 2
-110
-2 (base 15) to base 13
-2
What is -21 (base 4) in base 15?
-9
96 (base 10) to base 4
1200
What is 10 (base 12) in base 6?
20
Convert 10110 (base 3) to base 13.
72
-1012 (base 3) to base 6
-52
Convert 102 (base 4) to base 8.
22
Convert -1 (base 13) to base 14.
-1
Convert -12 (base 8) to base 13.
-a
Convert -101 (base 3) to base 15.
-a
2 (base 15) to base 12
2
Convert -2 (base 14) to base 5.
-2
Convert 10 (base 6) to base 10.
6
What is -93 (base 12) in base 14?
-7d
Convert 23 (base 4) to base 16.
b
What is 10 (base 7) in base 2?
111
72 (base 13) to base 8
135
Convert -10 (base 4) to base 7.
-4
-127 (base 12) to base 10
-175
Convert -1210 (base 3) to base 14.
-36
What is 31 (base 4) in base 10?
13
Convert -112 (base 4) to base 11.
-20
What is -169 (base 13) in base 5?
-2011
What is 223 (base 12) in base 6?
1243
What is 4 (base 14) in base 5?
4
Convert -111 (base 6) to base 14.
-31
What is -2 (base 11) in base 6?
-2
Convert 11 (base 5) to base 11.
6
3 (base 4) to base 11
3
What is 11 (base 2) in base 4?
3
Convert -a2 (base 13) to base 7.
-246
11000010 (base 2) to base 9
235
15 (base 16) to base 2
10101
-c (base 15) to base 7
-15
What is 51 (base 8) in base 10?
41
What is 126 (base 12) in base 4?
2232
What is 2 (base 11) in base 2?
10
Convert 2 (base 6) to base 10.
2
Convert -4a (base 14) to base 13.
-51
What is 4 (base 6) in base 16?
4
-42 (base 14) to base 9
-64
Convert -110 (base 2) to base 7.
-6
21 (base 10) to base 12
19
Convert -b (base 15) to base 7.
-14
Convert 21212 (base 3) to base 5.
1322
Convert -1 (base 15) to base 14.
-1
-1f (base 16) to base 7
-43
What is -12200 (base 3) in base 12?
-109
What is -271 (base 8) in base 4?
-2321
What is -aa (base 16) in base 13?
-101
-82 (base 10) to base 8
-122
What is -372 (base 8) in base 3?
-100021
What is 32 (base 14) in base 15?
2e
12 (base 4) to base 11
6
What is 2 (base 5) in base 12?
2
a1 (base 16) to base 4
2201
-a (base 14) to base 11
-a
Convert 2 (base 3) to base 12.
2
Convert 43 (base 13) to base 10.
55
Convert -21 (base 4) to base 9.
-10
What is d (base 14) in base 15?
d
What is -44 (base 7) in base 3?
-1012
0 (base 13) to base 9
0
Convert -1 (base 2) to base 8.
-1
What is -11001111 (base 2) in base 10?
-207
7 (base 15) to base 6
11
-1000 (base 2) to base 8
-10
-2 (base 3) to base 10
-2
205 (base 8) to base 2
10000101
What is 93 (base 14) in base 9?
153
5 (base 14) to base 9